der when 41043 is divided by 3721.
112
Calculate the remainder when 61878 is divided by 1289.
6
What is the remainder when 32899 is divided by 115?
9
Calculate the remainder when 105839 is divided by 290.
279
What is the remainder when 2213972 is divided by 1121?
1118
What is the remainder when 848 is divided by 441?
407
What is the remainder when 232 is divided by 30?
22
What is the remainder when 2574 is divided by 35?
19
What is the remainder when 38197 is divided by 19090?
17
Calculate the remainder when 1205 is divided by 134.
133
Calculate the remainder when 93405 is divided by 15567.
3
What is the remainder when 2009 is divided by 32?
25
Calculate the remainder when 249415 is divided by 181.
178
Calculate the remainder when 1944 is divided by 533.
345
What is the remainder when 1622 is divided by 16?
6
Calculate the remainder when 32066 is divided by 2135.
41
What is the remainder when 139361 is divided by 137?
32
Calculate the remainder when 4763 is divided by 126.
101
What is the remainder when 172196 is divided by 36?
8
Calculate the remainder when 27938 is divided by 1470.
8
Calculate the remainder when 51368 is divided by 12840.
8
What is the remainder when 183499 is divided by 866?
773
Calculate the remainder when 80474 is divided by 428.
10
What is the remainder when 5150 is divided by 108?
74
What is the remainder when 75200 is divided by 3414?
92
What is the remainder when 529 is divided by 122?
41
What is the remainder when 13997 is divided by 813?
176
Calculate the remainder when 508357 is divided by 254176.
5
Calculate the remainder when 30305 is divided by 14.
9
What is the remainder when 635 is divided by 380?
255
Calculate the remainder when 4552 is divided by 374.
64
Calculate the remainder when 7452 is divided by 2484.
0
What is the remainder when 80805 is divided by 13466?
9
Calculate the remainder when 121373 is divided by 55.
43
What is the remainder when 5702 is divided by 2338?
1026
Calculate the remainder when 1138 is divided by 217.
53
What is the remainder when 80106 is divided by 617?
513
Calculate the remainder when 129966 is divided by 111.
96
What is the remainder when 971409 is divided by 156?
153
Calculate the remainder when 11760 is divided by 110.
100
What is the remainder when 6061 is divided by 41?
34
What is the remainder when 90385 is divided by 1089?
1087
What is the remainder when 4360759 is divided by 872151?
4
What is the remainder when 372759 is divided by 372750?
9
Calculate the remainder when 23708 is divided by 210.
188
What is the remainder when 89019 is divided by 29669?
12
What is the remainder when 4902 is divided by 1588?
138
Calculate the remainder when 112 is divided by 63.
49
Calculate the remainder when 89861 is divided by 44915.
31
What is the remainder when 2549 is divided by 845?
14
Calculate the remainder when 2117 is divided by 66.
5
Calculate the remainder when 33291 is divided by 11076.
63
What is the remainder when 12527 is divided by 105?
32
What is the remainder when 28810 is divided by 71?
55
What is the remainder when 5108 is divided by 124?
24
Calculate the remainder when 72146 is divided by 303.
32
Calculate the remainder when 69008 is divided by 68958.
50
What is the remainder when 365 is divided by 158?
49
Calculate the remainder when 229351 is divided by 20.
11
What is the remainder when 272633 is divided by 15?
8
What is the remainder when 10766 is divided by 30?
26
Calculate the remainder when 4325 is divided by 614.
27
Calculate the remainder when 138298 is divided by 100.
98
Calculate the remainder when 42756 is divided by 40.
36
What is the remainder when 183326 is divided by 61108?
2
Calculate the remainder when 825491 is divided by 275162.
5
What is the remainder when 1878 is divided by 408?
246
What is the remainder when 22947 is divided by 43?
28
What is the remainder when 2118 is divided by 338?
90
Calculate the remainder when 1794515 is divided by 290.
285
Calculate the remainder when 45644 is divided by 17.
16
What is the remainder when 61931 is divided by 632?
627
What is the remainder when 1055 is divided by 114?
29
Calculate the remainder when 185248 is divided by 375.
373
What is the remainder when 13653 is divided by 453?
63
What is the remainder when 7728 is divided by 242?
226
What is the remainder when 119312 is divided by 1146?
128
Calculate the remainder when 2545 is divided by 2476.
69
Calculate the remainder when 2455 is divided by 550.
255
Calculate the remainder when 205841 is divided by 26.
25
Calculate the remainder when 23102 is divided by 2885.
22
What is the remainder when 85664 is divided by 132?
128
What is the remainder when 72878 is divided by 24289?
11
What is the remainder when 13155 is divided by 367?
310
Calculate the remainder when 560278 is divided by 28.
26
Calculate the remainder when 22673 is divided by 3237.
14
Calculate the remainder when 31171 is divided by 11.
8
Calculate the remainder when 308261 is divided by 6.
5
Calculate the remainder when 70684 is divided by 1333.
35
What is the remainder when 347 is divided by 201?
146
What is the remainder when 52736 is divided by 4794?
2
What is the remainder when 59275 is divided by 57?
52
Calculate the remainder when 4513 is divided by 504.
481
What is the remainder when 433634 is divided by 22?
14
Calculate the remainder when 3015 is divided by 137.
1
What is the remainder when 2759 is divided by 40?
39
What is the remainder when 97747 is divided by 9?
7
What is the remainder when 54259 is divided by 57?
52
Calculate the remainder when 564317 is divided by 319.
6
What is the remainder when 50688 is divided by 92?
88
Calculate the remainder when 8060 is divided by 1792.
892
What is the remainder when 38319 is divided by 3483?
6
What is the remainder when 437737 is divided by 87543?
22
What is the remainder when 2940 is divided by 293?
10
What is the remainder when 428647 is divided by 28?
23
Calculate the remainder when 386 is divided by 21.
8
Calculate the remainder when 163643 is divided by 54523.
74
What is the remainder when 8392 is divided by 1397?
10
What is the remainder when 15069 is divided by 2509?
15
Calculate the remainder when 2474 is divided by 241.
64
Calculate the remainder when 265205 is divided by 128.
117
What is the remainder when 79754 is divided by 211?
207
What is the remainder when 3446135 is divided by 158?
155
Calculate the remainder when 64731 is divided by 1348.
27
Calculate the remainder when 173657 is divided by 268.
261
Calculate the remainder when 1676493 is divided by 18.
9
Calculate the remainder when 18220 is divided by 64.
44
Calculate the remainder when 16754 is divided by 91.
10
Calculate the remainder when 7322 is divided by 5.
2
Calculate the remainder when 69277 is divided by 168.
61
What is the remainder when 5548254 is divided by 136?
134
Calculate the remainder when 202198 is divided by 14.
10
What is the remainder when 4791 is divided by 225?
66
What is the remainder when 3267 is divided by 3234?
33
What is the remainder when 4138 is divided by 1071?
925
What is the remainder when 134377 is divided by 12?
1
What is the remainder when 4685 is divided by 61?
49
What is the remainder when 6888 is divided by 217?
161
What is the remainder when 89260 is divided by 75?
10
What is the remainder when 5478 is divided by 308?
242
What is the remainder when 2588 is divided by 306?
140
What is the remainder when 414029 is divided by 35?
14
Calculate the remainder when 633807 is divided by 81.
63
What is the remainder when 148653 is divided by 319?
318
What is the remainder when 509 is divided by 193?
123
What is the remainder when 16752 is divided by 63?
57
Calculate the remainder when 44456 is divided by 218.
202
What is the remainder when 9353 is divided by 934?
13
Calculate the remainder when 1661 is divided by 118.
9
What is the remainder when 67032 is divided by 1197?
0
Calculate the remainder when 284821 is divided by 222.
217
What is the remainder when 82945 is divided by 129?
127
What is the remainder when 259094 is divided by 17?
14
What is the remainder when 312 is divided by 220?
92
Calculate the remainder when 2925 is divided by 85.
35
Calculate the remainder when 685 is divided by 469.
216
Calculate the remainder when 533 is 